{"id":791,"date":"2024-01-28T08:01:11","date_gmt":"2024-01-28T07:01:11","guid":{"rendered":"https:\/\/www.dilegrej.info\/zkouska\/?page_id=791"},"modified":"2025-08-06T14:05:12","modified_gmt":"2025-08-06T12:05:12","slug":"o-nas","status":"publish","type":"page","link":"https:\/\/www.dilegrej.info\/zkouska\/o-nas\/","title":{"rendered":"O n\u00e1s"},"content":{"rendered":"<section class=\"wpb-content-wrapper\"><p>[vc_row][vc_column icons_position=&#8220;left&#8220;][vc_column_text]<\/p>\n<h6 style=\"text-align: center;\">Jak to za\u010dalo?<\/h6>\n<p>[\/vc_column_text][\/vc_column][\/vc_row][vc_row hide_bg_image_on_tablet=&#8220;&#8220; hide_bg_image_on_mobile=&#8220;&#8220; shape_divider_top_front=&#8220;&#8220; shape_divider_bottom_front=&#8220;&#8220; row_delimiter=&#8220;&#8220; row_hide_unfixed=&#8220;&#8220; hide_on_wide=&#8220;&#8220; hide_on_desktop=&#8220;&#8220; hide_on_notebook=&#8220;&#8220; hide_on_tablet=&#8220;&#8220; hide_on_mobile=&#8220;&#8220; hide_on_frontpage=&#8220;&#8220; hide_on_singular=&#8220;&#8220; hide_on_other=&#8220;&#8220;][vc_column width=&#8220;1\/6&#8243; icons_position=&#8220;left&#8220; offset=&#8220;vc_hidden-sm vc_hidden-xs&#8220;][vc_media_grid style=&#8220;lazy&#8220; items_per_page=&#8220;2&#8243; element_width=&#8220;12&#8243; grid_id=&#8220;vc_gid:1754481577319-b22dcdf2-35d4-9&#8243; include=&#8220;799,801&#8243;][\/vc_column][vc_column width=&#8220;2\/3&#8243; icons_position=&#8220;left&#8220;]<div id=\"sc_content_1443310257\"\n\t\tclass=\"sc_content sc_content_default sc_float_center sc_align_justify\"><div class=\"sc_content_container\">[vc_column_text]V roce 1998 jsme si po\u0159\u00eddili fenku Leonbergra Ditu. \u00dapln\u011b prvn\u00ed fenku, dot\u00e9 doby jsme m\u011bli pouze psy. Samoz\u0159ejm\u011b bylo spoustu argument\u016f proti fen\u011b, ale<span lang=\"en\">\u00a0<\/span>jeden drobn\u00fd detail p\u0159eci jenom p\u0159ev\u00e1\u017eil v\u0161echny z\u00e1pory. Tito kr\u00e1sn\u00ed, velc\u00ed psi jsou p\u0159\u00edli\u0161 velc\u00ed a<span lang=\"en\">\u00a0<\/span>v<span lang=\"en\">\u00a0<\/span>dosp\u011blosti i feny v\u00e1\u017e\u00ed 60 kilo, nato\u017e pak psi. A pro \u00fapln\u00e9 za\u010d\u00e1te\u010dn\u00edky je p\u0159eci jenom fenka lep\u0161\u00ed.<br \/>\nPak p\u0159i\u0161lo dilema, zda \u0161t\u011b\u0148\u00e1tka ano, \u010di ne. Ale po rentgenu ky\u010dl\u00ed, kter\u00fd je podm\u00ednkou pro spln\u011bn\u00ed chovnosti bylo rozhodnuto, fenka chovn\u00e1 nebyla (DKK 0\/3). Za\u010daly jsme chodit na cvi\u010d\u00e1k, slo\u017eily p\u00e1r zkou\u0161ek a cvi\u010den\u00ed n\u00e1s za\u010dalo bavit, hlavn\u011b tedy pani\u010dku. Ale p\u0159ek\u00e1\u017eky, kter\u00e9 jsou sou\u010d\u00e1st\u00ed, ka\u017ed\u00e9 v\u011bt\u0161\u00ed zkou\u0161ky, za\u010daly b\u00fdt pro \u0161edes\u00e1tikilov\u00e9ho leona probl\u00e9m.<br \/>\nTak jsem za\u010dala hledat plemeno, kter\u00e9 je sportovn\u00ed, lehk\u00e9, ale<span lang=\"en\">\u00a0<\/span>dostate\u010dn\u011b velk\u00e9 a<span lang=\"en\">\u00a0<\/span>chlupat\u00e9. Z t\u011bchto po\u017eadavk\u016f vy\u0161el pr\u00e1v\u011b \u010cESK\u00dd HORSK\u00dd PES.<br \/>\nV atlasech ps\u016f nebylo nikde toto plemeno pops\u00e1no, jedin\u00e9 obr\u00e1zky, kter\u00e9 jsem m\u011bla byly z \u010dasopis\u016f, kde psali o canicrossu (b\u011bh se psem) a kniha \u010desk\u00e1 n\u00e1rodn\u00ed plemena ps\u016f (Findejs a kol., 1998). P\u0159esto bylo jasn\u00e9, \u017ee pr\u00e1v\u011b toto plemeno je to prav\u00e9.<br \/>\nPak u\u017e to \u0161lo r\u00e1z na r\u00e1z. V z\u00e1\u0159\u00ed 2004 jsme si p\u0159ivezli \u0161t\u011b\u0148\u00e1tko \u010cHP, \u017elutob\u00edlou fenku Grejsi. S Grejsi jsme se v\u011bnovali v\u0161estrann\u00e9mu v\u00fdcviku a<span lang=\"en\">\u00a0<\/span>\u00a0z lehka jsme p\u0159e\u0161li na z\u00e1chrana\u0159inu.<br \/>\nV lednu 2006 jsem za\u017e\u00e1dala o uzn\u00e1n\u00ed n\u00e1zvu chovatelsk\u00e9 stanice DI-LE-GREJ.<br \/>\nDI-LE-GREJ jsou prvn\u00ed p\u00edsmena z na\u0161ich jmen, jako pam\u00e1tka na moje prvn\u00ed, jedine\u010dn\u00e9 ps\u00ed kamar\u00e1dy. Po p\u016fl roce byl tento n\u00e1zev mezin\u00e1rodn\u011b uzn\u00e1n. Bohu\u017eel se Dita ji\u017e uzn\u00e1n\u00ed chovatelsk\u00e9 stanice nedo\u017eila. I kdy\u017e j\u00ed nov\u00e9 \u0161t\u011b\u0148\u00e1tko prodlou\u017eilo \u017eivot o dva roky a vr\u00e1tila se do \u0161t\u011bn\u011bc\u00edch let, nebylo to nic platn\u00e9, prohr\u00e1la boj se z\u00e1ke\u0159nou nemoc\u00ed.[\/vc_column_text][vc_empty_space alter_height=&#8220;small&#8220; hide_on_wide=&#8220;&#8220; hide_on_desktop=&#8220;&#8220; hide_on_notebook=&#8220;&#8220; hide_on_tablet=&#8220;&#8220; hide_on_mobile=&#8220;&#8220;]<\/div><\/div><!-- \/.sc_content -->[\/vc_column][vc_column width=&#8220;1\/6&#8243; icons_position=&#8220;left&#8220; offset=&#8220;vc_hidden-sm vc_hidden-xs&#8220;][vc_media_grid style=&#8220;lazy&#8220; element_width=&#8220;12&#8243; grid_id=&#8220;vc_gid:1754481577320-0275b406-f38d-5&#8243; include=&#8220;808,809&#8243;][\/vc_column][\/vc_row][vc_row][vc_column icons_position=&#8220;left&#8220;][vc_column_text]<\/p>\n<blockquote>\n<p style=\"text-align: center;\">Proti narozen\u00ed a smrti nem\u00e1\u0161 l\u00e9ku. v mezidob\u00ed zachov\u00e1vej radost.<br \/>\n<em>Santayana<\/em><\/p>\n<\/blockquote>\n<p>[\/vc_column_text][vc_empty_space alter_height=&#8220;small&#8220; hide_on_wide=&#8220;&#8220; hide_on_desktop=&#8220;&#8220; hide_on_notebook=&#8220;&#8220; hide_on_tablet=&#8220;&#8220; hide_on_mobile=&#8220;&#8220;][\/vc_column][\/vc_row][vc_row][vc_column width=&#8220;1\/6&#8243; icons_position=&#8220;left&#8220; offset=&#8220;vc_hidden-sm vc_hidden-xs&#8220;][vc_media_grid style=&#8220;lazy&#8220; items_per_page=&#8220;2&#8243; element_width=&#8220;12&#8243; grid_id=&#8220;vc_gid:1754481577321-902e43f1-392f-6&#8243; include=&#8220;803,611&#8243;][\/vc_column][vc_column width=&#8220;2\/3&#8243; icons_position=&#8220;left&#8220;]<div id=\"sc_content_1429712021\"\n\t\tclass=\"sc_content sc_content_default sc_float_center sc_align_justify\"><div class=\"sc_content_container\">[vc_column_text]Ov\u0161em, kdy\u017e je \u010dlov\u011bk zvykl\u00fd na dva psy a z\u016fstane-li jen jeden, je smutno. V\u00fdsledkem t\u00e9to rovnice byla Arletka, \u0161t\u011bn\u011b z na\u0161eho prvn\u00edho odchovu. D\u00edky v\u00fdborn\u00e9 povaze jsme se s Arletou mohli skute\u010dn\u011b v\u011bnovat z\u00e1chran\u00e1\u0159sk\u00e9mu v\u00fdcviku. Hled\u00e1n\u00ed lid\u00ed a b\u011bh\u00e1n\u00ed po lese j\u00ed nesm\u00edrn\u011b bavilo. Od roku 2013 jezdila pravideln\u011b na &#8222;ostr\u00e9&#8220; p\u00e1trac\u00ed akce a v listopadu 2014 splnila atesty ministerstva vnitra pro plo\u0161n\u00e9 hled\u00e1n\u00ed. Za sv\u016fj \u017eivot pomohla p\u0159i \u010dty\u0159ic\u00edtce p\u00e1trac\u00edch akc\u00ed po poh\u0159e\u0161ovan\u00fdch osob\u00e1ch. Arleta zem\u0159ela v \u0159\u00edjnu 2018 ve v\u011bku deseti let, po l\u00e9\u010db\u011b siln\u00e9ho z\u00e1n\u011btu v t\u011ble, kter\u00fd se j\u00ed vrazil do kloub\u016f.<br \/>\nGrejsi m\u011bla jen jeden vrh. Kv\u016fli torzi \u017ealudku jsme j\u00ed d\u00e1le nekryli. V osmi a p\u016fl letech n\u00e1s Grejsi na v\u017edy opustila v pln\u00e9 s\u00edle a v\u00fdborn\u00e9 kondici, po \u00farazu, kdy do\u0161lo k vyh\u0159eznut\u00ed plot\u00e9nky.<br \/>\nZ druh\u00e9ho vrhu po Arlet\u011b jsme si nechali nechovnou fenku Caramelu, jako n\u00e1sledovn\u00edka ve v\u00fdcviku z\u00e1chrana\u0159iny a pejska Calvina. Role Caramely nakonec nebyla v z\u00e1chrana\u0159in\u011b, proto\u017ee kv\u016fli siln\u00e9mu loveck\u00e9mu pudu, nebyla na pr\u00e1ci do lesa pou\u017eiteln\u00e1 a z\u00e1chrana\u0159inu d\u011blala jen pro radost. Svoje m\u00edsto ve sme\u010dce ov\u0161em na\u0161la jako ch\u016fvi\u010dka nov\u00fdch \u0161t\u011b\u0148\u00e1tek. S Kar\u010dou jsme objevily novou aktivitu a tou je dogtrekking, pro kter\u00fd se n\u00e1ramn\u011b hodila. S Calvinem jsme se nejprve za\u010dali v\u011bnovat canisterapii, kterou jsme d\u011blali necel\u00fdch p\u011bt let. Po t\u0159et\u00edm roce \u017eivota jsme se i s Calvinem za\u010dali v\u011bnovat z\u00e1chrana\u0159in\u011b a nakonec byl n\u00e1sledovn\u00edkem Arlety pr\u00e1v\u011b on.<br \/>\nAbychom zachovali na\u0161i krev i do budoucna po\u0159\u00eddili jsme si v prosinci 2017 vnu\u010dku po Calvinovi &#8211; Boru Hv\u011bzdu nad S\u00e1zavou. T\u0159i\u010dtvrt\u011b roku jsme tak m\u011bli sme\u010dku \u010dty\u0159 ps\u016f a v\u0161ichni pracovali. Bora pln\u011b nahradila Arletu v jednotce psovod\u016f dobrovoln\u00fdch hasi\u010d\u016f a hned na prvn\u00edm v\u00fdjezdu zachr\u00e1nila poh\u0159e\u0161ovanou osobu.<br \/>\nO Boru jsme m\u00e1lem p\u0159i\u0161li po komplikac\u00edch s c\u00edsa\u0159sk\u00fdm \u0159ezem, nakonec musela b\u00fdt vykastrov\u00e1na a tak jsme si nechali jedin\u00e9 \u0161t\u011b\u0148\u00e1tko, pejska Devona.<br \/>\nKastrace j\u00ed paradoxn\u011b velmi prosp\u011bla, dodala j\u00ed sebev\u011bdom\u00ed a Bora je v sou\u010dasn\u00e9 dob\u011b jedin\u00fd \u017eij\u00edc\u00ed pes v \u010cR s nejvy\u0161\u0161\u00ed slo\u017eenou hasi\u010dskou zkou\u0161kou stupn\u011b B a z\u00e1rove\u0148 historicky prvn\u00ed \u010cHP.[\/vc_column_text]<\/div><\/div><!-- \/.sc_content -->[\/vc_column][vc_column width=&#8220;1\/6&#8243; icons_position=&#8220;left&#8220; offset=&#8220;vc_hidden-sm vc_hidden-xs&#8220;][vc_media_grid style=&#8220;lazy&#8220; element_width=&#8220;12&#8243; grid_id=&#8220;vc_gid:1754481577321-eba93c5a-6cdf-3&#8243; include=&#8220;810,806&#8243;][\/vc_column][\/vc_row]<\/p>\n<\/section>","protected":false},"excerpt":{"rendered":"<p>[vc_row][vc_column icons_position=&#8220;left&#8220;][vc_column_text] Jak to za\u010dalo? [\/vc_column_text][\/vc_column][\/vc_row][vc_row hide_bg_image_on_tablet=&#8220;&#8220; hide_bg_image_on_mobile=&#8220;&#8220; shape_divider_top_front=&#8220;&#8220; shape_divider_bottom_front=&#8220;&#8220; row_delimiter=&#8220;&#8220; row_hide_unfixed=&#8220;&#8220; hide_on_wide=&#8220;&#8220; hide_on_desktop=&#8220;&#8220; hide_on_notebook=&#8220;&#8220; hide_on_tablet=&#8220;&#8220; hide_on_mobile=&#8220;&#8220; hide_on_frontpage=&#8220;&#8220; hide_on_singular=&#8220;&#8220; hide_on_other=&#8220;&#8220;][vc_column width=&#8220;1\/6&#8243; icons_position=&#8220;left&#8220; offset=&#8220;vc_hidden-sm vc_hidden-xs&#8220;][vc_media_grid style=&#8220;lazy&#8220; items_per_page=&#8220;2&#8243; element_width=&#8220;12&#8243; grid_id=&#8220;vc_gid:1754481577319-b22dcdf2-35d4-9&#8243;&hellip;<\/p>\n","protected":false},"author":1,"featured_media":0,"parent":0,"menu_order":0,"comment_status":"closed","ping_status":"closed","template":"","meta":{"footnotes":""},"_links":{"self":[{"href":"https:\/\/www.dilegrej.info\/zkouska\/wp-json\/wp\/v2\/pages\/791"}],"collection":[{"href":"https:\/\/www.dilegrej.info\/zkouska\/wp-json\/wp\/v2\/pages"}],"about":[{"href":"https:\/\/www.dilegrej.info\/zkouska\/wp-json\/wp\/v2\/types\/page"}],"author":[{"embeddable":true,"href":"https:\/\/www.dilegrej.info\/zkouska\/wp-json\/wp\/v2\/users\/1"}],"replies":[{"embeddable":true,"href":"https:\/\/www.dilegrej.info\/zkouska\/wp-json\/wp\/v2\/comments?post=791"}],"version-history":[{"count":6,"href":"https:\/\/www.dilegrej.info\/zkouska\/wp-json\/wp\/v2\/pages\/791\/revisions"}],"predecessor-version":[{"id":1795,"href":"https:\/\/www.dilegrej.info\/zkouska\/wp-json\/wp\/v2\/pages\/791\/revisions\/1795"}],"wp:attachment":[{"href":"https:\/\/www.dilegrej.info\/zkouska\/wp-json\/wp\/v2\/media?parent=791"}],"curies":[{"name":"wp","href":"https:\/\/api.w.org\/{rel}","templated":true}]}}